{"id":1644,"date":"2023-04-30T14:58:38","date_gmt":"2023-04-30T14:58:38","guid":{"rendered":"https:\/\/jaumetenes.com\/pintura\/?page_id=1644"},"modified":"2025-09-29T10:06:49","modified_gmt":"2025-09-29T10:06:49","slug":"jaume-tenes-art-gallery","status":"publish","type":"page","link":"https:\/\/jaumetenes.com\/pintura\/jaume-tenes-art-gallery\/","title":{"rendered":"Jaume Tenes Art Gallery. Original Figurative Art"},"content":{"rendered":"\n<h2 class=\"has-text-align-center\" style=\"font-style:normal;font-weight:100;text-transform:capitalize\">The gallery<\/h2>\n\n\n\n<div class=\"wp-block-columns\">\n<div class=\"wp-block-column\">\n<figure class=\"wp-block-image size-large\"><img loading=\"lazy\" width=\"709\" height=\"1024\" src=\"https:\/\/jaumetenes.com\/pintura\/wp-content\/uploads\/2025\/09\/Jaume_Tenes_Art_Gallery_01-709x1024.jpg\" alt=\"Jaume Tenes Art Gallery in Barcelona's Gothic Quarter, showcasing original figurative paintings and portraits by artist Jaume Tenes.\" class=\"wp-image-2775\" srcset=\"https:\/\/jaumetenes.com\/pintura\/wp-content\/uploads\/2025\/09\/Jaume_Tenes_Art_Gallery_01-709x1024.jpg 709w, https:\/\/jaumetenes.com\/pintura\/wp-content\/uploads\/2025\/09\/Jaume_Tenes_Art_Gallery_01-260x375.jpg 260w, https:\/\/jaumetenes.com\/pintura\/wp-content\/uploads\/2025\/09\/Jaume_Tenes_Art_Gallery_01-768x1110.jpg 768w, https:\/\/jaumetenes.com\/pintura\/wp-content\/uploads\/2025\/09\/Jaume_Tenes_Art_Gallery_01-1063x1536.jpg 1063w, https:\/\/jaumetenes.com\/pintura\/wp-content\/uploads\/2025\/09\/Jaume_Tenes_Art_Gallery_01-1417x2048.jpg 1417w, https:\/\/jaumetenes.com\/pintura\/wp-content\/uploads\/2025\/09\/Jaume_Tenes_Art_Gallery_01.jpg 1499w\" sizes=\"(max-width: 709px) 100vw, 709px\" \/><figcaption><br><\/figcaption><\/figure>\n<\/div>\n\n\n\n<div class=\"wp-block-column\">\n<figure class=\"wp-block-image size-large\"><img loading=\"lazy\" width=\"709\" height=\"1024\" src=\"https:\/\/jaumetenes.com\/pintura\/wp-content\/uploads\/2025\/09\/Jaume_Tenes_Art_Gallery_02-709x1024.jpg\" alt=\"Interior view of Jaume Tenes Art Gallery in Barcelona\u2019s Gothic Quarter, showcasing original figurative paintings by Jaume Tenes.\" class=\"wp-image-2776\" srcset=\"https:\/\/jaumetenes.com\/pintura\/wp-content\/uploads\/2025\/09\/Jaume_Tenes_Art_Gallery_02-709x1024.jpg 709w, https:\/\/jaumetenes.com\/pintura\/wp-content\/uploads\/2025\/09\/Jaume_Tenes_Art_Gallery_02-260x375.jpg 260w, https:\/\/jaumetenes.com\/pintura\/wp-content\/uploads\/2025\/09\/Jaume_Tenes_Art_Gallery_02-768x1110.jpg 768w, https:\/\/jaumetenes.com\/pintura\/wp-content\/uploads\/2025\/09\/Jaume_Tenes_Art_Gallery_02-1063x1536.jpg 1063w, https:\/\/jaumetenes.com\/pintura\/wp-content\/uploads\/2025\/09\/Jaume_Tenes_Art_Gallery_02-1417x2048.jpg 1417w, https:\/\/jaumetenes.com\/pintura\/wp-content\/uploads\/2025\/09\/Jaume_Tenes_Art_Gallery_02.jpg 1499w\" sizes=\"(max-width: 709px) 100vw, 709px\" \/><\/figure>\n<\/div>\n<\/div>\n\n\n\n<div class=\"wp-block-columns\">\n<div class=\"wp-block-column\">\n<figure class=\"wp-block-image size-large\"><img loading=\"lazy\" width=\"709\" height=\"1024\" src=\"https:\/\/jaumetenes.com\/pintura\/wp-content\/uploads\/2025\/09\/Jaume_Tenes_Art_Gallery_03-709x1024.jpg\" alt=\"Gallery space of Jaume Tenes Art Gallery, featuring walls with expressive portraits and figurative artwork.\" class=\"wp-image-2777\" srcset=\"https:\/\/jaumetenes.com\/pintura\/wp-content\/uploads\/2025\/09\/Jaume_Tenes_Art_Gallery_03-709x1024.jpg 709w, https:\/\/jaumetenes.com\/pintura\/wp-content\/uploads\/2025\/09\/Jaume_Tenes_Art_Gallery_03-260x375.jpg 260w, https:\/\/jaumetenes.com\/pintura\/wp-content\/uploads\/2025\/09\/Jaume_Tenes_Art_Gallery_03-768x1110.jpg 768w, https:\/\/jaumetenes.com\/pintura\/wp-content\/uploads\/2025\/09\/Jaume_Tenes_Art_Gallery_03-1063x1536.jpg 1063w, https:\/\/jaumetenes.com\/pintura\/wp-content\/uploads\/2025\/09\/Jaume_Tenes_Art_Gallery_03-1417x2048.jpg 1417w, https:\/\/jaumetenes.com\/pintura\/wp-content\/uploads\/2025\/09\/Jaume_Tenes_Art_Gallery_03.jpg 1499w\" sizes=\"(max-width: 709px) 100vw, 709px\" \/><figcaption><br><\/figcaption><\/figure>\n<\/div>\n\n\n\n<div class=\"wp-block-column\">\n<figure class=\"wp-block-image size-large\"><img loading=\"lazy\" width=\"709\" height=\"1024\" src=\"https:\/\/jaumetenes.com\/pintura\/wp-content\/uploads\/2025\/09\/Jaume_Tenes_Art_Gallery_04-709x1024.jpg\" alt=\"Vista del interior de la Galer\u00eda Jaume Tenes en el Barrio G\u00f3tico de Barcelona, mostrando pinturas figurativas originales de Jaume Tenes.\" class=\"wp-image-2779\" srcset=\"https:\/\/jaumetenes.com\/pintura\/wp-content\/uploads\/2025\/09\/Jaume_Tenes_Art_Gallery_04-709x1024.jpg 709w, https:\/\/jaumetenes.com\/pintura\/wp-content\/uploads\/2025\/09\/Jaume_Tenes_Art_Gallery_04-260x375.jpg 260w, https:\/\/jaumetenes.com\/pintura\/wp-content\/uploads\/2025\/09\/Jaume_Tenes_Art_Gallery_04-768x1110.jpg 768w, https:\/\/jaumetenes.com\/pintura\/wp-content\/uploads\/2025\/09\/Jaume_Tenes_Art_Gallery_04-1063x1536.jpg 1063w, https:\/\/jaumetenes.com\/pintura\/wp-content\/uploads\/2025\/09\/Jaume_Tenes_Art_Gallery_04-1417x2048.jpg 1417w, https:\/\/jaumetenes.com\/pintura\/wp-content\/uploads\/2025\/09\/Jaume_Tenes_Art_Gallery_04.jpg 1499w\" sizes=\"(max-width: 709px) 100vw, 709px\" \/><\/figure>\n<\/div>\n<\/div>\n\n\n\n<div class=\"wp-block-columns\">\n<div class=\"wp-block-column\">\n<div class=\"wp-block-image\"><figure class=\"aligncenter size-full\"><a href=\"https:\/\/jaumetenes.com\/pintura\/wp-content\/uploads\/2025\/09\/interior1-scaled.jpg\"><img loading=\"lazy\" width=\"2560\" height=\"1619\" src=\"https:\/\/jaumetenes.com\/pintura\/wp-content\/uploads\/2025\/09\/interior1-scaled.jpg\" alt=\"Jaume Tenes Art Gallery interior, exhibiting original figurative paintings and portraits by the artist.\" class=\"wp-image-2780\" srcset=\"https:\/\/jaumetenes.com\/pintura\/wp-content\/uploads\/2025\/09\/interior1-scaled.jpg 2560w, https:\/\/jaumetenes.com\/pintura\/wp-content\/uploads\/2025\/09\/interior1-500x316.jpg 500w, https:\/\/jaumetenes.com\/pintura\/wp-content\/uploads\/2025\/09\/interior1-1024x647.jpg 1024w, https:\/\/jaumetenes.com\/pintura\/wp-content\/uploads\/2025\/09\/interior1-768x486.jpg 768w, https:\/\/jaumetenes.com\/pintura\/wp-content\/uploads\/2025\/09\/interior1-1536x971.jpg 1536w, https:\/\/jaumetenes.com\/pintura\/wp-content\/uploads\/2025\/09\/interior1-2048x1295.jpg 2048w\" sizes=\"(max-width: 2560px) 100vw, 2560px\" \/><\/a><\/figure><\/div>\n<\/div>\n<\/div>\n\n\n\n<div class=\"wp-block-columns\">\n<div class=\"wp-block-column\">\n<figure class=\"wp-block-image size-large\"><a href=\"https:\/\/jaumetenes.com\/pintura\/wp-content\/uploads\/2025\/09\/new-gallery.mp4\"><img loading=\"lazy\" width=\"709\" height=\"1024\" src=\"https:\/\/jaumetenes.com\/pintura\/wp-content\/uploads\/2025\/09\/Jaume_Tenes_Art_Gallery_05-1-709x1024.jpg\" alt=\"Interior de la Galer\u00eda Jaume Tenes, con exposici\u00f3n de pinturas y retratos figurativos originales del artista.\" class=\"wp-image-2782\" srcset=\"https:\/\/jaumetenes.com\/pintura\/wp-content\/uploads\/2025\/09\/Jaume_Tenes_Art_Gallery_05-1-709x1024.jpg 709w, https:\/\/jaumetenes.com\/pintura\/wp-content\/uploads\/2025\/09\/Jaume_Tenes_Art_Gallery_05-1-260x375.jpg 260w, https:\/\/jaumetenes.com\/pintura\/wp-content\/uploads\/2025\/09\/Jaume_Tenes_Art_Gallery_05-1-768x1110.jpg 768w, https:\/\/jaumetenes.com\/pintura\/wp-content\/uploads\/2025\/09\/Jaume_Tenes_Art_Gallery_05-1-1063x1536.jpg 1063w, https:\/\/jaumetenes.com\/pintura\/wp-content\/uploads\/2025\/09\/Jaume_Tenes_Art_Gallery_05-1-1417x2048.jpg 1417w, https:\/\/jaumetenes.com\/pintura\/wp-content\/uploads\/2025\/09\/Jaume_Tenes_Art_Gallery_05-1.jpg 1499w\" sizes=\"(max-width: 709px) 100vw, 709px\" \/><\/a><figcaption><br><\/figcaption><\/figure>\n<\/div>\n\n\n\n<div class=\"wp-block-column\">\n<figure class=\"wp-block-image size-large\"><img loading=\"lazy\" width=\"711\" height=\"1024\" src=\"https:\/\/jaumetenes.com\/pintura\/wp-content\/uploads\/2025\/04\/Jaume_Tenes_Art_Gallery_-711x1024.jpg\" alt=\"Jaume Tenes, painter and gallery owner, photographed inside his gallery.\n\nJaume Tenes, pintor y propietario de la galer\u00eda, fotografiado en su espacio.\" class=\"wp-image-2496\" srcset=\"https:\/\/jaumetenes.com\/pintura\/wp-content\/uploads\/2025\/04\/Jaume_Tenes_Art_Gallery_-711x1024.jpg 711w, https:\/\/jaumetenes.com\/pintura\/wp-content\/uploads\/2025\/04\/Jaume_Tenes_Art_Gallery_-260x375.jpg 260w, https:\/\/jaumetenes.com\/pintura\/wp-content\/uploads\/2025\/04\/Jaume_Tenes_Art_Gallery_-768x1106.jpg 768w, https:\/\/jaumetenes.com\/pintura\/wp-content\/uploads\/2025\/04\/Jaume_Tenes_Art_Gallery_-1067x1536.jpg 1067w, https:\/\/jaumetenes.com\/pintura\/wp-content\/uploads\/2025\/04\/Jaume_Tenes_Art_Gallery_.jpg 1100w\" sizes=\"(max-width: 711px) 100vw, 711px\" \/><\/figure>\n<\/div>\n<\/div>\n\n\n\n<div class=\"wp-block-columns\">\n<div class=\"wp-block-column is-vertically-aligned-center\">\n<p class=\"has-background\" style=\"background-color:#fafafa;font-style:normal;font-weight:400\">\u00abSituada en el coraz\u00f3n del Barrio G\u00f3tico de Barcelona, <strong>Jaume Tenes Art Gallery<\/strong> ofrece un espacio \u00fanico para disfrutar del arte figurativo contempor\u00e1neo. En la galer\u00eda, los visitantes pueden conectar de manera \u00edntima e inspiradora con cada obra y conversar directamente con el artista, lo que aporta a las creaciones una dimensi\u00f3n a\u00fan mayor. Gracias a su privilegiada ubicaci\u00f3n en el centro de la ciudad, la galer\u00eda es de f\u00e1cil acceso para amantes del arte y coleccionistas, quienes pueden descubrir y disfrutar de cada pieza en un entorno que invita al di\u00e1logo con el arte.\u00bb<\/p>\n<\/div>\n\n\n\n<div class=\"wp-block-column is-vertically-aligned-center\">\n<p class=\"has-background\" style=\"background-color:#fafafa;font-style:normal;font-weight:400\"><em>\u00abIn the heart of Barcelona\u2019s vibrant Gothic Quarter, <strong>Jaume Tenes Art Gallery<\/strong> offers a unique space to experience contemporary figurative art. Within this intimate setting, visitors can connect deeply and inspiringly with each work, while having the rare opportunity to speak directly with the artist, adding an extra dimension to the creations. Thanks to its privileged central location, the gallery is easily accessible to art lovers and collectors alike, who can explore and enjoy each piece in an environment designed to encourage reflection, appreciation, and dialogue with the art.\u00bb<\/em><\/p>\n<\/div>\n<\/div>\n\n\n\n<div style=\"height:30px\" aria-hidden=\"true\" class=\"wp-block-spacer\"><\/div>\n\n\n\n<hr class=\"wp-block-separator has-text-color has-background is-style-default\" style=\"background-color:#e8e8e8;color:#e8e8e8\"\/>\n\n\n\n<div style=\"height:80px\" aria-hidden=\"true\" class=\"wp-block-spacer\"><\/div>\n\n\n\n<div class=\"wp-block-columns\">\n<div class=\"wp-block-column\">\n<div><iframe src=\"https:\/\/maps.google.com\/maps?q=Carrer+del+Regomir%2C+4%2C+08002+Barcelona&amp;z=16&amp;t=m&amp;output=embed\" style=\"border:0;height:502px;width:100%\"><\/iframe><\/div>\n<\/div>\n\n\n\n<div class=\"wp-block-column\">\n<div class=\"wp-block-columns is-not-stacked-on-mobile\">\n<div class=\"wp-block-column\" style=\"flex-basis:100%\">\n<div class=\"wp-block-columns is-not-stacked-on-mobile\">\n<div class=\"wp-block-column\" style=\"flex-basis:100%\">\n<div class=\"wp-block-columns is-not-stacked-on-mobile\">\n<div class=\"wp-block-column\" style=\"flex-basis:10%\"><\/div>\n\n\n\n<div class=\"wp-block-column\" style=\"flex-basis:80%\">\n<div class=\"wp-container-3 wp-block-group\"><div class=\"wp-block-group__inner-container\">\n<p class=\"has-text-color\" style=\"color:#fafafa\">.<\/p>\n\n\n\n<div class=\"wp-container-2 wp-block-group\"><div class=\"wp-block-group__inner-container\">\n<p style=\"font-size:18px;font-style:normal;font-weight:300\"><strong>Jaume Tenes Art Gallery<\/strong><br>Carrer del Regomir 4, 08002. G\u00f2tic, Barcelona <\/p>\n\n\n\n<p style=\"font-style:normal;font-weight:300\"><a href=\"mailto:jaumetenes@jaumetenes.com\"><\/a><a href=\"mailto:jaumetenes@jaumetenes.com\">jaumetenes@jaumetenes.com<\/a><\/p>\n\n\n\n<p style=\"font-size:18px;font-style:normal;font-weight:300\">93 535 17 41 \u00b7 625 940 135<\/p>\n\n\n\n<ul class=\"wp-container-1 wp-block-social-links is-style-logos-only\"><li class=\"wp-social-link wp-social-link-mail wp-block-social-link\"><a href=\"mailto:jaumetenes@jaumetenes.com\" aria-label=\"Mail: mailto:jaumetenes@jaumetenes.com\"  class=\"wp-block-social-link-anchor\"> <svg width=\"24\" height=\"24\" viewBox=\"0 0 24 24\" version=\"1.1\" xmlns=\"http:\/\/www.w3.org\/2000\/svg\" role=\"img\" aria-hidden=\"true\" focusable=\"false\"><path d=\"M20,4H4C2.895,4,2,4.895,2,6v12c0,1.105,0.895,2,2,2h16c1.105,0,2-0.895,2-2V6C22,4.895,21.105,4,20,4z M20,8.236l-8,4.882 L4,8.236V6h16V8.236z\"><\/path><\/svg><\/a><\/li>\n\n<li class=\"wp-social-link wp-social-link-instagram wp-block-social-link\"><a href=\"http:\/\/instagram.com\/jaume_tenes\/\" aria-label=\"Instagram: instagram.com\/jaume_tenes\/\"  class=\"wp-block-social-link-anchor\"> <svg width=\"24\" height=\"24\" viewBox=\"0 0 24 24\" version=\"1.1\" xmlns=\"http:\/\/www.w3.org\/2000\/svg\" role=\"img\" aria-hidden=\"true\" focusable=\"false\"><path d=\"M12,4.622c2.403,0,2.688,0.009,3.637,0.052c0.877,0.04,1.354,0.187,1.671,0.31c0.42,0.163,0.72,0.358,1.035,0.673 c0.315,0.315,0.51,0.615,0.673,1.035c0.123,0.317,0.27,0.794,0.31,1.671c0.043,0.949,0.052,1.234,0.052,3.637 s-0.009,2.688-0.052,3.637c-0.04,0.877-0.187,1.354-0.31,1.671c-0.163,0.42-0.358,0.72-0.673,1.035 c-0.315,0.315-0.615,0.51-1.035,0.673c-0.317,0.123-0.794,0.27-1.671,0.31c-0.949,0.043-1.233,0.052-3.637,0.052 s-2.688-0.009-3.637-0.052c-0.877-0.04-1.354-0.187-1.671-0.31c-0.42-0.163-0.72-0.358-1.035-0.673 c-0.315-0.315-0.51-0.615-0.673-1.035c-0.123-0.317-0.27-0.794-0.31-1.671C4.631,14.688,4.622,14.403,4.622,12 s0.009-2.688,0.052-3.637c0.04-0.877,0.187-1.354,0.31-1.671c0.163-0.42,0.358-0.72,0.673-1.035 c0.315-0.315,0.615-0.51,1.035-0.673c0.317-0.123,0.794-0.27,1.671-0.31C9.312,4.631,9.597,4.622,12,4.622 M12,3 C9.556,3,9.249,3.01,8.289,3.054C7.331,3.098,6.677,3.25,6.105,3.472C5.513,3.702,5.011,4.01,4.511,4.511 c-0.5,0.5-0.808,1.002-1.038,1.594C3.25,6.677,3.098,7.331,3.054,8.289C3.01,9.249,3,9.556,3,12c0,2.444,0.01,2.751,0.054,3.711 c0.044,0.958,0.196,1.612,0.418,2.185c0.23,0.592,0.538,1.094,1.038,1.594c0.5,0.5,1.002,0.808,1.594,1.038 c0.572,0.222,1.227,0.375,2.185,0.418C9.249,20.99,9.556,21,12,21s2.751-0.01,3.711-0.054c0.958-0.044,1.612-0.196,2.185-0.418 c0.592-0.23,1.094-0.538,1.594-1.038c0.5-0.5,0.808-1.002,1.038-1.594c0.222-0.572,0.375-1.227,0.418-2.185 C20.99,14.751,21,14.444,21,12s-0.01-2.751-0.054-3.711c-0.044-0.958-0.196-1.612-0.418-2.185c-0.23-0.592-0.538-1.094-1.038-1.594 c-0.5-0.5-1.002-0.808-1.594-1.038c-0.572-0.222-1.227-0.375-2.185-0.418C14.751,3.01,14.444,3,12,3L12,3z M12,7.378 c-2.552,0-4.622,2.069-4.622,4.622S9.448,16.622,12,16.622s4.622-2.069,4.622-4.622S14.552,7.378,12,7.378z M12,15 c-1.657,0-3-1.343-3-3s1.343-3,3-3s3,1.343,3,3S13.657,15,12,15z M16.804,6.116c-0.596,0-1.08,0.484-1.08,1.08 s0.484,1.08,1.08,1.08c0.596,0,1.08-0.484,1.08-1.08S17.401,6.116,16.804,6.116z\"><\/path><\/svg><\/a><\/li>\n\n<li class=\"wp-social-link wp-social-link-tiktok wp-block-social-link\"><a href=\"http:\/\/tiktok.com\/@jaume_tenes\" aria-label=\"TikTok: tiktok.com\/@jaume_tenes\"  class=\"wp-block-social-link-anchor\"> <svg width=\"24\" height=\"24\" viewBox=\"0 0 32 32\" version=\"1.1\" xmlns=\"http:\/\/www.w3.org\/2000\/svg\" role=\"img\" aria-hidden=\"true\" focusable=\"false\"><path d=\"M16.708 0.027c1.745-0.027 3.48-0.011 5.213-0.027 0.105 2.041 0.839 4.12 2.333 5.563 1.491 1.479 3.6 2.156 5.652 2.385v5.369c-1.923-0.063-3.855-0.463-5.6-1.291-0.76-0.344-1.468-0.787-2.161-1.24-0.009 3.896 0.016 7.787-0.025 11.667-0.104 1.864-0.719 3.719-1.803 5.255-1.744 2.557-4.771 4.224-7.88 4.276-1.907 0.109-3.812-0.411-5.437-1.369-2.693-1.588-4.588-4.495-4.864-7.615-0.032-0.667-0.043-1.333-0.016-1.984 0.24-2.537 1.495-4.964 3.443-6.615 2.208-1.923 5.301-2.839 8.197-2.297 0.027 1.975-0.052 3.948-0.052 5.923-1.323-0.428-2.869-0.308-4.025 0.495-0.844 0.547-1.485 1.385-1.819 2.333-0.276 0.676-0.197 1.427-0.181 2.145 0.317 2.188 2.421 4.027 4.667 3.828 1.489-0.016 2.916-0.88 3.692-2.145 0.251-0.443 0.532-0.896 0.547-1.417 0.131-2.385 0.079-4.76 0.095-7.145 0.011-5.375-0.016-10.735 0.025-16.093z\" \/><\/svg><\/a><\/li><\/ul>\n\n\n\n<div style=\"height:41px\" aria-hidden=\"true\" class=\"wp-block-spacer\"><\/div>\n\n\n\n<hr class=\"wp-block-separator has-text-color has-background is-style-wide\" style=\"background-color:#d4d4d4;color:#d4d4d4\"\/>\n<\/div><\/div>\n<\/div><\/div>\n<\/div>\n\n\n\n<div class=\"wp-block-column\" style=\"flex-basis:10%\"><\/div>\n<\/div>\n<\/div>\n<\/div>\n<\/div>\n<\/div>\n<\/div>\n<\/div>\n\n\n\n<div style=\"height:66px\" aria-hidden=\"true\" class=\"wp-block-spacer\"><\/div>\n\n\n\n<p><\/p>\n\n\n\n<div class=\"wp-block-image\"><figure class=\"aligncenter size-full is-resized\"><a href=\"https:\/\/jaumetenes.com\/\"><img loading=\"lazy\" src=\"https:\/\/jaumetenes.com\/pintura\/wp-content\/uploads\/2022\/04\/arrow.png\" alt=\"\" class=\"wp-image-1223\" width=\"45\" height=\"35\"\/><\/a><\/figure><\/div>\n","protected":false},"excerpt":{"rendered":"<p>The gallery \u00abSituada en el coraz\u00f3n del Barrio G\u00f3tico de Barcelona, Jaume Tenes Art Gallery ofrece un espacio \u00fanico para disfrutar del arte figurativo contempor\u00e1neo. En la galer\u00eda, los visitantes pueden conectar de manera \u00edntima e inspiradora con cada obra y conversar directamente con el artista, lo que aporta a las creaciones una dimensi\u00f3n a\u00fan [&hellip;]<\/p>\n","protected":false},"author":1,"featured_media":0,"parent":0,"menu_order":0,"comment_status":"closed","ping_status":"closed","template":"","meta":{"_seopress_robots_primary_cat":"","_seopress_titles_title":"Jaume Tenes Art Gallery. Original Figurative Art","_seopress_titles_desc":"Discover original figurative artworks by Jaume Tenes in the heart of Barcelona\u2019s Gothic Quarter.","_seopress_robots_index":""},"_links":{"self":[{"href":"https:\/\/jaumetenes.com\/pintura\/wp-json\/wp\/v2\/pages\/1644"}],"collection":[{"href":"https:\/\/jaumetenes.com\/pintura\/wp-json\/wp\/v2\/pages"}],"about":[{"href":"https:\/\/jaumetenes.com\/pintura\/wp-json\/wp\/v2\/types\/page"}],"author":[{"embeddable":true,"href":"https:\/\/jaumetenes.com\/pintura\/wp-json\/wp\/v2\/users\/1"}],"replies":[{"embeddable":true,"href":"https:\/\/jaumetenes.com\/pintura\/wp-json\/wp\/v2\/comments?post=1644"}],"version-history":[{"count":75,"href":"https:\/\/jaumetenes.com\/pintura\/wp-json\/wp\/v2\/pages\/1644\/revisions"}],"predecessor-version":[{"id":3100,"href":"https:\/\/jaumetenes.com\/pintura\/wp-json\/wp\/v2\/pages\/1644\/revisions\/3100"}],"wp:attachment":[{"href":"https:\/\/jaumetenes.com\/pintura\/wp-json\/wp\/v2\/media?parent=1644"}],"curies":[{"name":"wp","href":"https:\/\/api.w.org\/{rel}","templated":true}]}}